- 4*b. Give z(q).
-24
Let a(d) = -3*d**3 + 222*d**2 - 20*d - 2. Let j(g) = -2*g**3 + 157*g**2 - 13*g - 1. Let l(o) = -5*a(o) + 7*j(o). What is l(10)?
-7
Let h(k) = k**3 + 14*k**2 + 2*k + 21. Let o be h(-14). Let n(r) be the third derivative of 1/24*r**4 + 0*r + 71*r**2 - 1/3*r**3 + 0. What is n(o)?
-9
Let b(m) = -3*m + 6. Let o(c) = 11*c**2 - 22*c**2 + 7*c**2 - 2 - 18*c. Let w be o(-4). What is b(w)?
-12
Suppose 18 = -5*z - 12. Suppose -2*p - 5*t + 86 = 0, 4*p + 2*t - 106 = 34. Let w(o) = p - 64 - o + 3*o + 36 + o. Give w(z).
-13
Let b(p) = -p**2 + 8*p - 4. Suppose 11*d = -0*d + 11. Suppose -1 = -l + d. Let h be (-2 - -8 - l)*(-3 + 5). Determine b(h).
-4
Let z(u) = -u + 8. Let l be z(-7). Let x(w) = w**2 - l*w**3 + 32*w**3 - 12*w**3. Let k be x(-1). Let p(i) = -i + 1. Determine p(k).
5
Let f(h) be the third derivative of -h**5/60 - h**4/24 + 2*h**2 - 18*h. Let l be -20 + 1 + 6/2. Let n be (l/(-6))/((-40)/60). Calculate f(n).
-12
Let y(k) = k**2 - 17*k + 5. Let g(q) = q**3 - 33*q**2 + 37*q - 146. Let o be g(32). Give y(o).
-37
Let a(k) = -4*k**2 + 3*k + 1. Let z(n) = 9*n**2 + 3*n + 16. Let f be z(-4). Let u = f + -150. What is a(u)?
-21
Suppose -13 - 26 = -3*l. Suppose -8*x - 3*y = -4*x - l, -2*x + 4*y = 10. Let f(a) = 4*a**3. What is f(x)?
4
Let l(t) = t**3 + 5*t**2 + 2*t + 10. Let z be l(-5). Suppose z = -40*m + 46*m. Let f(q) = q**3 + q**2 + q + 8. What is f(m)?
8
Let i(j) = -j**2 + 3*j - 11. Suppose 4*h = 3*b - 1 - 6, -h = 4*b - 22. What is i(h)?
-9
Let s be ((-1)/(-10))/((-181)/(-3620)). Let y(v) be the third derivative of -1/6*v**3 - 1/4*v**4 + 18*v**s + 0 - 1/60*v**5 + 0*v. Give y(-5).
4
Let v(t) = -t**3 + 26*t**2 - 32*t + 827. Let q be v(26). Let l(s) = -s**3 - 7*s**2 + s + 4. Determine l(q).
-51
Let w be 3/(-3) - (-1 - 2). Let y(d) = d + d**3 + d**w + 4 - 2 - 3 + 2*d**2. Let r = 2945 + -2947. Calculate y(r).
1
Let j(n) = -n**3 + 27*n**2 - 4*n + 108. Suppose 3845 + 1247 = 138*p + 1366. Calculate j(p).
0
Let k = 271 - 268. Let s(y) = -2*y**k + y**2 + 12 - 13*y**2 + 18*y + 3*y**3 - 9*y. Give s(11).
-10
Suppose -7*y + 74 = 46. Let z(s) = -6*s + s**3 - 16 + 9 + y*s**2 + 2*s. Suppose -26 = 4*f + 2*g, 2*f + 11 = f - 2*g. What is z(f)?
-12
Let u(o) be the first derivative of -o**4/4 + 4*o**3 - 9*o**2/2 - 29*o - 1645. Give u(11).
-7
Let l(q) = 162961*q - 67*q**3 - 162959*q + 5*q**2 + 66*q**3 - 5. Suppose -1 = -c + 4. Calculate l(c).
5
Let k(o) = -o - 8. Let h(b) = b**3 - 7*b**2 + 4*b - 8. Let s be h(7). Suppose -v = x - 1 - 1, -2*x = -2*v + s. Calculate k(v).
-14
Let g(f) = 2 - 112*f + 54*f + 60*f. Let r(c) = -4*c**2 + 2*c + 1. Let d(v) = v**2 - v - 1. Let p(j) = 2*d(j) + r(j). Let x be p(-1). Give g(x).
-4
Suppose 0 = 36*r - 28*r + 88. Let i be (13 - 12)/((5/r)/5). Let p(m) = m**2 + 9*m - 12. Determine p(i).
10
Let y(z) = 3*z**2 - 7*z + 4. Suppose -b - 5*b = -12. Let q be y(b). Let i(m) = 7*m**2 + 30 + 8*m + m**q - m**3 - 22. Determine i(9).
-1
Let i(k) = -17*k - 23. Let b(d) = 4*d + 5. Let a(y) = -18*b(y) - 4*i(y). Calculate a(-1).
6
Suppose 0 = 7*p + 3*p + 150. Let x = -12 - p. Let j(o) = o - x*o + 0 + 1 - 2. Give j(4).
-9
Let q(b) be the third derivative of b**8/20160 - b**7/840 - 11*b**6/720 + 43*b**5/15 - 9*b**2. Let h(z) be the third derivative of q(z). Determine h(8).
5
Let j(q) = 17*q**2. Suppose -2*z + 5*w = -31, 8 - 1 = 2*z + 3*w. Suppose 5*b + 15 = -5*n, 0*b - 2*b - z = 0. Calculate j(n).
17
Let d be ((-38)/95)/(3/(-135)). Let q(l) = -8*l + 2*l + l**2 + 20*l + d + 0*l**2. Determine q(-12).
-6
Let z(b) be the first derivative of 2*b**3/3 + 12*b**2 + 12*b - 4124. Determine z(-11).
-10
Let u(f) = -2*f**2 - 3*f - 8 + 3*f**2 - 5*f - f + 7*f. Calculate u(-2).
0
Let o(r) be the first derivative of 33 - 1/3*r**3 + 7/2*r**2 + 6*r. What is o(6)?
12
Let u(g) = -4 - 1365*g + 2844*g - 1457*g. Determine u(-3).
-70
Let j(k) = -k**3 - k**2 + 6. Suppose 6*w = -11*w + 4*w. Let z be j(w). Let m(h) = h**3 - 6*h**2 - 2*h + 6. What is m(z)?
-6
Let q(v) = v**3 + v**2 + 4*v - 4. Let r be q(2). Suppose 2*z - 2*o - 9 + 1 = 0, 0 = -4*z + 2*o + r. Let g(j) = -3*j + 12. Give g(z).
0
Let n(g) be the second derivative of -1/20*g**5 - 7*g + 6*g**2 + g**3 + 0 + 7/12*g**4. Let j be n(8). Let p(f) = -2*f - 4. What is p(j)?
4
Let x(z) = 290*z + 2329. Let k be x(-8). Let o(q) = -4*q + 5. Calculate o(k).
-31
Let n(f) = -102*f + 22855. Let h be n(224). Let o(d) = -13 - 2 + d + 1. Calculate o(h).
-7
Suppose 32*t = -57 + 25. Let f(v) = -28*v. Determine f(t).
28
Let b(j) = -27*j**2 + 14*j**2 + 14*j**2. Let m = -43 + 45. Let k be (-2)/(-5)*25/(m - -3). What is b(k)?
4
Let t(k) = 3*k - 60. Suppose -194 = 5*h - 20*h + 61. What is t(h)?
-9
Let d be 7/42 + (-62)/12. Let b(h) = 5*h**2 + 3*h. Let k(j) be the third derivative of -j**5/60 - j**3/6 + j**2 - 9*j. Let q(x) = b(x) + 4*k(x). Give q(d).
6
Let u = -11 - -8. Let a(c) = -2*c**2 + 7*c. Suppose 4*n - 24 = 8. Let g(x) = 5*x**2 - 20*x. Let i(f) = n*a(f) + 3*g(f). Calculate i(u).
3
Let h be (2/(-7))/(15028/(-833) + 18). Let m(j) = j**2 + j - 31. Determine m(h).
25
Let r be (-2100)/(-21) - 10/2. Let f = r - 82. Let p(j) = j**2 - 12*j - 3. Determine p(f).
10
Let y(s) be the third derivative of -s**4/24 - s**3 + 26*s**2 + 5. Let g be (-2)/(-4) + 1/(-2). Give y(g).
-6
Let t(z) = -3004*z + 9 - 2 + 0 + 1 + 3007*z + 14. Let r be -2 + 4 - (-1 + 12). What is t(r)?
-5
Let v(o) = -o**3 - 5*o**2 + 4*o + 3. Let j(a) = a**2 - 68*a + 790. Let x be j(15). Calculate v(x).
-17
Let p(k) be the third derivative of -k**6/120 - k**5/20 - k**4/24 + k**3/3 + 3*k**2 + 3*k. Let j = -1092 - -1090. What is p(j)?
0
Let l = 4861 - 4872. Let f(t) = 5*t + 46. Determine f(l).
-9
Let f be (-5 + 0)*2/(-5). Let v(i) = i - 34. Let q be v(6). Let j be (q/35)/(f/(-10)). Let t(k) = -k**2 + 5*k - 2. Give t(j).
2
Let v(k) = k - 1. Suppose 10 = 6*n - 68. Suppose x = -13 + n. Suppose -o - 2*o + 3 = 4*f, x = 4*o - 5*f - 4. Determine v(o).
0
Let z = -62 - -66. Let a be 16/(-56) - z/(-14). Let y(m) be the first derivative of -m**2/2 + 3*m - 4. Give y(a).
3
Suppose -2*r - 4*o - 32 = -9*o, 3*o - 12 = 0. Suppose -17*h = -1 - 50. Let i(t) = -6*t**3 + 8*t**3 - 3*t**h - 10*t - 7*t**2 - 8. Calculate i(r).
16
Let q(d) be the third derivative of d**6/120 + d**5/30 - d**4 + 5*d**3/6 + 2710*d**2. Give q(-6).
5
Let i(x) = -21*x**2 + 3*x - 223. Let r(q) = 26*q**2 - 3*q + 224. Let s(t) = 4*i(t) + 3*r(t). Let h(w) be the first derivative of s(w). Give h(-3).
39
Let g = 13 + -5. Let n(a) = 5*a**2 - 17*a + 5. Let o(f) = 247*f**2 - 1 - 32*f - 238*f**2 - 4 + 15. Let h(r) = 7*n(r) - 4*o(r). Give h(g).
3
Let w = 1449 + -1499. Let h(u) = u**3 + 50*u**2 + 3*u + 158. Give h(w).
8
Let h(o) = -o**2 + o - 11. Suppose 17*f - 44*f = 35*f. Calculate h(f).
-11
Let x(m) = -m**3 + m**2 + 15*m + 1. Let w(o) = -3*o**3 - 3*o**2 + 24*o - 10. Let q(i) = w(i) - 2*x(i). Determine q(-4).
-4
Suppose 23*j - 114 = q + 25*j, 0 = 4*q + 3*j + 471. Suppose -2*b = 3*n - n - 230, -4*b - 3*n = -459. Let g = b + q. Let x(v) = v + 2. Determine x(g).
-4
Let r(y) = -6*y + 1. Let i(l) = 4*l - 38. Suppose 47 - 29 = 2*a. Let d be i(a). What is r(d)?
13
Let h(u) = 3*u - 11 - u**2 + 11 + 13. Suppose -a + 6 = 3*x, 4*x - 84 + 108 = 4*a. Determine h(a).
-5
Let s(i) = 6*i - 44. Let l(q) = 22*q - 130. Let d(g) = 2*l(g) - 7*s(g). Calculate d(-24).
0
Let f(t) = -3*t**3 - t**2 - t - 1. Let k(u) = -u**3 + 15*u**2 - 42*u - 23. Let x be k(11). What is f(x)?
2
Let h(b) = -24*b**2 - 8*b - 3. Let s = -36869 + 36868. What is h(s)?
-19
Let b(d) be the first derivative of -d**4/8 + 5*d**3/6 + 28*d**2 + 35. Let i(r) be the second derivative of b(r). Let m(u) = -u + 13. Let y be m(6). Give i(y).
-16
Suppose -5*f - 96 = -4*l - 242, -4*l = 3*f - 94. Suppose f*o = 27*o - 4*j - 37, j = -o - 11. Let u(i) = 5*i + i**2 - i**3 - 10 - i**2 - 6*i**2. Determine u(o).
4
Let f(c) = -112 - 10*c**3 - c**2 + 31 + 25 + 57. What is f(-1)?
10
Let g(h) = -h - 2. Suppose l + 8*b - 37 = 0, -6*b + 11*b - 74 = 4*l. Give g(l).
9
Suppose 376*u - 288*u - 528 = 0. Let k(h) = 3*h**2 - 8*h + 4. Let p(r) = -r**2 + r. Let n(b) = -k(b) - p(b). What is n(u)?
-34
Let h(v) = -244*v**2 - 39*v - 22. Let m(c) = 133*c**2 + 20*c + 10. Let a(j) = -6*h(j) - 11*m(j). Determine a(-10).
-18
Suppose -7*y - 46 = -340. Let n(c) = -y*c + 19*c + 19*c - 8. Let g be 2/(-5) - (198/30 - 1). Give n(g).
